{"id":82,"date":"2021-07-03T03:43:38","date_gmt":"2021-07-03T03:43:38","guid":{"rendered":"https:\/\/najelbikombi.si\/?page_id=82"},"modified":"2025-11-30T20:01:39","modified_gmt":"2025-11-30T19:01:39","slug":"home-car","status":"publish","type":"page","link":"https:\/\/najelbikombi.si\/","title":{"rendered":"Home &#8211; Car"},"content":{"rendered":"\t\t<div data-elementor-type=\"wp-page\" data-elementor-id=\"82\" class=\"elementor elementor-82\" data-elementor-post-type=\"page\">\n\t\t\t\t\t\t<section class=\"elementor-section elementor-top-section elementor-element elementor-element-93e4639 elementor-section-height-min-height elementor-section-boxed elementor-section-height-default elementor-section-items-middle\" data-id=\"93e4639\" data-element_type=\"section\" data-settings=\"{&quot;background_background&quot;:&quot;slideshow&quot;,&quot;background_slideshow_gallery&quot;:[{&quot;id&quot;:3993,&quot;url&quot;:&quot;https:\\\/\\\/najelbikombi.si\\\/wp-content\\\/uploads\\\/2025\\\/10\\\/image000003-removebg-preview.png&quot;},{&quot;id&quot;:3991,&quot;url&quot;:&quot;https:\\\/\\\/najelbikombi.si\\\/wp-content\\\/uploads\\\/2025\\\/10\\\/im05448-1-ford-transit-custom-kombi.jpg&quot;},{&quot;id&quot;:3992,&quot;url&quot;:&quot;https:\\\/\\\/najelbikombi.si\\\/wp-content\\\/uploads\\\/2025\\\/10\\\/image000003.jpg&quot;}],&quot;background_slideshow_loop&quot;:&quot;yes&quot;,&quot;background_slideshow_slide_duration&quot;:5000,&quot;background_slideshow_slide_transition&quot;:&quot;fade&quot;,&quot;background_slideshow_transition_duration&quot;:500}\">\n\t\t\t\t\t\t<div class=\"elementor-container elementor-column-gap-default\">\n\t\t\t\t\t<div class=\"elementor-column elementor-col-100 elementor-top-column elementor-element elementor-element-75a8fb9\" data-id=\"75a8fb9\" data-element_type=\"column\">\n\t\t\t<div class=\"elementor-widget-wrap elementor-element-populated\">\n\t\t\t\t\t\t<div class=\"elementor-element elementor-element-cfa0acd elementor-widget elementor-widget-entox_elementor_heading\" data-id=\"cfa0acd\" data-element_type=\"widget\" data-widget_type=\"entox_elementor_heading.default\">\n\t\t\t\t<div class=\"elementor-widget-container\">\n\t\t\t\t\t\t\t<div class=\"ova-heading\">\n\t\t\t\t\t\t\t\t\t\t<h1 class=\"title second_font\">\n\t\t\t\t\tNajem potni\u0161kega kombija in prevozi za udobno in varno potovanje\t\t\t\t<\/h1>\n\t\t\t\t\t\t\t\t\t\t<h1 class=\"desc second_font\">\n\t\t\t\t\tZa <strong>dru\u017einska potovanja<\/strong>, izlete, prevoze skupin in poslovne dogodke. \n<strong>Od 50 \u20ac\/dan.<\/strong> Brez skritih stro\u0161kov. Rezerviraj v 2 minutah!\t\t\t\t<\/h1>\n\t\t\t\t\t<\/div>\n\t\t\t\t\t\t<\/div>\n\t\t\t\t<\/div>\n\t\t\t\t\t<\/div>\n\t\t<\/div>\n\t\t\t\t\t<\/div>\n\t\t<\/section>\n\t\t<div class=\"elementor-element elementor-element-333be60 e-grid e-con-boxed e-con e-parent\" data-id=\"333be60\" data-element_type=\"container\">\n\t\t\t\t\t<div class=\"e-con-inner\">\n\t\t\t\t<div class=\"elementor-element elementor-element-7c5c064 elementor-align-justify elementor-widget elementor-widget-button\" data-id=\"7c5c064\" data-element_type=\"widget\" data-widget_type=\"button.default\">\n\t\t\t\t<div class=\"elementor-widget-container\">\n\t\t\t\t\t\t\t\t\t<div class=\"elementor-button-wrapper\">\n\t\t\t\t\t<a class=\"elementor-button elementor-button-link elementor-size-sm\" href=\"#\">\n\t\t\t\t\t\t<span class=\"elementor-button-content-wrapper\">\n\t\t\t\t\t\t\t\t\t<span class=\"elementor-button-text\">REZERVIRAJ ZDAJ<\/span>\n\t\t\t\t\t<\/span>\n\t\t\t\t\t<\/a>\n\t\t\t\t<\/div>\n\t\t\t\t\t\t\t\t<\/div>\n\t\t\t\t<\/div>\n\t\t\t\t<div class=\"elementor-element elementor-element-6cb0e54 elementor-align-justify elementor-widget elementor-widget-button\" data-id=\"6cb0e54\" data-element_type=\"widget\" data-widget_type=\"button.default\">\n\t\t\t\t<div class=\"elementor-widget-container\">\n\t\t\t\t\t\t\t\t\t<div class=\"elementor-button-wrapper\">\n\t\t\t\t\t<a class=\"elementor-button elementor-button-link elementor-size-sm\" href=\"#\">\n\t\t\t\t\t\t<span class=\"elementor-button-content-wrapper\">\n\t\t\t\t\t\t\t\t\t<span class=\"elementor-button-text\">POKLI\u010cI 031 410 823<\/span>\n\t\t\t\t\t<\/span>\n\t\t\t\t\t<\/a>\n\t\t\t\t<\/div>\n\t\t\t\t\t\t\t\t<\/div>\n\t\t\t\t<\/div>\n\t\t\t\t<div class=\"elementor-element elementor-element-9ba95c8 elementor-align-justify elementor-widget elementor-widget-button\" data-id=\"9ba95c8\" data-element_type=\"widget\" data-widget_type=\"button.default\">\n\t\t\t\t<div class=\"elementor-widget-container\">\n\t\t\t\t\t\t\t\t\t<div class=\"elementor-button-wrapper\">\n\t\t\t\t\t<a class=\"elementor-button elementor-button-link elementor-size-sm\" href=\"#\">\n\t\t\t\t\t\t<span class=\"elementor-button-content-wrapper\">\n\t\t\t\t\t\t\t\t\t<span class=\"elementor-button-text\">PI\u0160I NA INFO@NAJELBIKOMBI.SI<\/span>\n\t\t\t\t\t<\/span>\n\t\t\t\t\t<\/a>\n\t\t\t\t<\/div>\n\t\t\t\t\t\t\t\t<\/div>\n\t\t\t\t<\/div>\n\t\t\t\t\t<\/div>\n\t\t\t\t<\/div>\n\t\t\t\t<section class=\"elementor-section elementor-top-section elementor-element elementor-element-a782d0b elementor-section-boxed elementor-section-height-default elementor-section-height-default\" data-id=\"a782d0b\" data-element_type=\"section\" data-settings=\"{&quot;background_background&quot;:&quot;classic&quot;}\">\n\t\t\t\t\t\t<div class=\"elementor-container elementor-column-gap-default\">\n\t\t\t\t\t<div class=\"elementor-column elementor-col-100 elementor-top-column elementor-element elementor-element-9900fb2\" data-id=\"9900fb2\" data-element_type=\"column\">\n\t\t\t<div class=\"elementor-widget-wrap elementor-element-populated\">\n\t\t\t\t<div class=\"elementor-element elementor-element-d58ce87 e-con-full e-flex e-con e-parent\" data-id=\"d58ce87\" data-element_type=\"container\">\n\t\t<div class=\"elementor-element elementor-element-c67f682 e-con-full e-flex e-con e-child\" data-id=\"c67f682\" data-element_type=\"container\">\n\t\t\t\t<div class=\"elementor-element elementor-element-568e848 elementor-widget elementor-widget-entox_elementor_heading\" data-id=\"568e848\" data-element_type=\"widget\" data-widget_type=\"entox_elementor_heading.default\">\n\t\t\t\t<div class=\"elementor-widget-container\">\n\t\t\t\t\t\t\t<div class=\"ova-heading\">\n\t\t\t\t\t\t\t<h4 class=\"sub_title second_font\">\n\t\t\t\t\tPeople Love the Most\t\t\t\t<\/h4>\n\t\t\t\t\t\t\t\t\t\t<h3 class=\"title second_font\">\n\t\t\t\t\tFeatured Rent Cars\t\t\t\t<\/h3>\n\t\t\t\t\t\t\t\t<\/div>\n\t\t\t\t\t\t<\/div>\n\t\t\t\t<\/div>\n\t\t\t\t<\/div>\n\t\t<div class=\"elementor-element elementor-element-1c2b931 e-con-full e-flex e-con e-child\" data-id=\"1c2b931\" data-element_type=\"container\">\n\t\t\t\t<div class=\"elementor-element elementor-element-a559cbd elementor-align-right elementor-tablet-align-left elementor-widget elementor-widget-button\" data-id=\"a559cbd\" data-element_type=\"widget\" data-widget_type=\"button.default\">\n\t\t\t\t<div class=\"elementor-widget-container\">\n\t\t\t\t\t\t\t\t\t<div class=\"elementor-button-wrapper\">\n\t\t\t\t\t<a class=\"elementor-button elementor-button-link elementor-size-sm\" href=\"https:\/\/najelbikombi.si\/search-map\/?cat=car\">\n\t\t\t\t\t\t<span class=\"elementor-button-content-wrapper\">\n\t\t\t\t\t\t\t\t\t<span class=\"elementor-button-text\">View All Cars<\/span>\n\t\t\t\t\t<\/span>\n\t\t\t\t\t<\/a>\n\t\t\t\t<\/div>\n\t\t\t\t\t\t\t\t<\/div>\n\t\t\t\t<\/div>\n\t\t\t\t<\/div>\n\t\t\t\t<\/div>\n\t\t\t\t<section class=\"elementor-section elementor-inner-section elementor-element elementor-element-98d79a7 elementor-section-boxed elementor-section-height-default elementor-section-height-default\" data-id=\"98d79a7\" data-element_type=\"section\">\n\t\t\t\t\t\t<div class=\"elementor-container elementor-column-gap-default\">\n\t\t\t\t\t<div class=\"elementor-column elementor-col-100 elementor-inner-column elementor-element elementor-element-c196247\" data-id=\"c196247\" data-element_type=\"column\">\n\t\t\t<div class=\"elementor-widget-wrap elementor-element-populated\">\n\t\t\t\t\t\t<div class=\"elementor-element elementor-element-83ca844 elementor-widget elementor-widget-entox_elementor_featured_products\" data-id=\"83ca844\" data-element_type=\"widget\" data-widget_type=\"entox_elementor_featured_products.default\">\n\t\t\t\t<div class=\"elementor-widget-container\">\n\t\t\t\t\t\n\t\t\t\t\t<div class=\"ova-featured-product\">\n\t\t\t\t\n\t\t\t\t<div class=\"product-content grid_span\">\n\t\t\t\t\t<a class=\"product-image\" href=\"https:\/\/najelbikombi.si\/?product=audi-a6\">\n\t\t\t\t\t\t<img decoding=\"async\" src=\"https:\/\/najelbikombi.si\/wp-content\/uploads\/2021\/11\/audi3-2.jpeg\" alt=\"audi3\">\n\t\t\t\t\t<\/a>\n\t\t\t\t\t<div class=\"product-meta\">\n\t\t\t\t\t\t<h2 class=\"product-title\">\n\t\t\t\t\t\t\t<a href=\"https:\/\/najelbikombi.si\/?product=audi-a6\">\n\t\t\t\t\t\t\t\tAudi A6 luxury &#038; sport\t\t\t\t\t\t\t<\/a>\n\t\t\t\t\t\t<\/h2>\n\t\t\t\t\t\t<p class=\"product-price\">\n\t\t\t\t\t\t\t<span class=\"amount\"><span class=\"woocommerce-Price-amount amount\"><bdi>45.00<span class=\"woocommerce-Price-currencySymbol\">&euro;<\/span><\/bdi><\/span><\/span><span class=\"label\"> \/perday<\/span>\t\t\t\t\t\t<\/p>\n\t\t\t\t\t<\/div>\n\t\t\t\t<\/div>\n\n\t\t\t\t\t\t\t<\/div>\n\t\t\n\t\t\t\t\t\t<\/div>\n\t\t\t\t<\/div>\n\t\t\t\t\t<\/div>\n\t\t<\/div>\n\t\t\t\t\t<\/div>\n\t\t<\/section>\n\t\t\t\t\t<\/div>\n\t\t<\/div>\n\t\t\t\t\t<\/div>\n\t\t<\/section>\n\t\t\t\t<section class=\"elementor-section elementor-top-section elementor-element elementor-element-8c86f9b elementor-section-boxed elementor-section-height-default elementor-section-height-default\" data-id=\"8c86f9b\" data-element_type=\"section\">\n\t\t\t\t\t\t<div class=\"elementor-container elementor-column-gap-default\">\n\t\t\t\t\t<div class=\"elementor-column elementor-col-50 elementor-top-column elementor-element elementor-element-476c467\" data-id=\"476c467\" data-element_type=\"column\">\n\t\t\t<div class=\"elementor-widget-wrap elementor-element-populated\">\n\t\t\t\t\t\t<div class=\"elementor-element elementor-element-6628055 elementor-widget elementor-widget-entox_elementor_heading\" data-id=\"6628055\" data-element_type=\"widget\" data-widget_type=\"entox_elementor_heading.default\">\n\t\t\t\t<div class=\"elementor-widget-container\">\n\t\t\t\t\t\t\t<div class=\"ova-heading\">\n\t\t\t\t\t\t\t<h4 class=\"sub_title second_font\">\n\t\t\t\t\tPopular Type\t\t\t\t<\/h4>\n\t\t\t\t\t\t\t\t\t\t<h3 class=\"title second_font\">\n\t\t\t\t\tFind Car by Type\t\t\t\t<\/h3>\n\t\t\t\t\t\t\t\t<\/div>\n\t\t\t\t\t\t<\/div>\n\t\t\t\t<\/div>\n\t\t\t\t\t<\/div>\n\t\t<\/div>\n\t\t\t\t<div class=\"elementor-column elementor-col-50 elementor-top-column elementor-element elementor-element-7fdb14b\" data-id=\"7fdb14b\" data-element_type=\"column\">\n\t\t\t<div class=\"elementor-widget-wrap elementor-element-populated\">\n\t\t\t\t\t\t<div class=\"elementor-element elementor-element-e0a0a7f elementor-align-right elementor-tablet-align-left elementor-widget elementor-widget-button\" data-id=\"e0a0a7f\" data-element_type=\"widget\" data-widget_type=\"button.default\">\n\t\t\t\t<div class=\"elementor-widget-container\">\n\t\t\t\t\t\t\t\t\t<div class=\"elementor-button-wrapper\">\n\t\t\t\t\t<a class=\"elementor-button elementor-button-link elementor-size-sm\" href=\"https:\/\/najelbikombi.si\/search-map\/?cat=car\">\n\t\t\t\t\t\t<span class=\"elementor-button-content-wrapper\">\n\t\t\t\t\t\t\t\t\t<span class=\"elementor-button-text\">View All Makes<\/span>\n\t\t\t\t\t<\/span>\n\t\t\t\t\t<\/a>\n\t\t\t\t<\/div>\n\t\t\t\t\t\t\t\t<\/div>\n\t\t\t\t<\/div>\n\t\t\t\t\t<\/div>\n\t\t<\/div>\n\t\t\t\t\t<\/div>\n\t\t<\/section>\n\t\t\t\t<section class=\"elementor-section elementor-top-section elementor-element elementor-element-2a54c44 elementor-section-boxed elementor-section-height-default elementor-section-height-default\" data-id=\"2a54c44\" data-element_type=\"section\">\n\t\t\t\t\t\t<div class=\"elementor-container elementor-column-gap-default\">\n\t\t\t\t\t<div class=\"elementor-column elementor-col-33 elementor-top-column elementor-element elementor-element-a32a6d9\" data-id=\"a32a6d9\" data-element_type=\"column\">\n\t\t\t<div class=\"elementor-widget-wrap elementor-element-populated\">\n\t\t\t\t\t\t<div class=\"elementor-element elementor-element-aaadc97 elementor-widget elementor-widget-entox_elementor_custom_taxonomy\" data-id=\"aaadc97\" data-element_type=\"widget\" data-widget_type=\"entox_elementor_custom_taxonomy.default\">\n\t\t\t\t<div class=\"elementor-widget-container\">\n\t\t\t\t\t\t\t<div class=\"ova-custom-taxonomy\">\n\t\t\t<a href=\"https:\/\/najelbikombi.si\/search-map\/?cat=car&#038;brw_type_name=sedan\" class=\"taxonomy-item\">\n\t\t\t\t<img decoding=\"async\" src=\"https:\/\/najelbikombi.si\/wp-content\/uploads\/2022\/03\/bmw1.jpeg\" alt=\"\">\n\t\t\t\t\t\t\t\t\t\t\t\t\t<h2 class=\"title\">\n\t\t\t\t\t\tSedan\t\t\t\t\t<\/h2>\n\t\t\t\t\t\t\t<\/a>\n\n\t\t<\/div>\n\t\t\t\t\t\t<\/div>\n\t\t\t\t<\/div>\n\t\t\t\t\t<\/div>\n\t\t<\/div>\n\t\t\t\t<div class=\"elementor-column elementor-col-33 elementor-top-column elementor-element elementor-element-f94ec72\" data-id=\"f94ec72\" data-element_type=\"column\">\n\t\t\t<div class=\"elementor-widget-wrap elementor-element-populated\">\n\t\t\t\t\t\t<div class=\"elementor-element elementor-element-c4854f2 elementor-widget elementor-widget-entox_elementor_custom_taxonomy\" data-id=\"c4854f2\" data-element_type=\"widget\" data-widget_type=\"entox_elementor_custom_taxonomy.default\">\n\t\t\t\t<div class=\"elementor-widget-container\">\n\t\t\t\t\t\t\t<div class=\"ova-custom-taxonomy\">\n\t\t\t<a href=\"https:\/\/najelbikombi.si\/search-map\/?cat=car&#038;brw_type_name=coupe\" class=\"taxonomy-item\">\n\t\t\t\t<img decoding=\"async\" src=\"https:\/\/najelbikombi.si\/wp-content\/uploads\/2022\/03\/porsche3.jpeg\" alt=\"\">\n\t\t\t\t\t\t\t\t\t\t\t\t\t<h2 class=\"title\">\n\t\t\t\t\t\tCoupe\t\t\t\t\t<\/h2>\n\t\t\t\t\t\t\t<\/a>\n\n\t\t<\/div>\n\t\t\t\t\t\t<\/div>\n\t\t\t\t<\/div>\n\t\t\t\t\t<\/div>\n\t\t<\/div>\n\t\t\t\t<div class=\"elementor-column elementor-col-33 elementor-top-column elementor-element elementor-element-d07e81b\" data-id=\"d07e81b\" data-element_type=\"column\">\n\t\t\t<div class=\"elementor-widget-wrap elementor-element-populated\">\n\t\t\t\t\t\t<div class=\"elementor-element elementor-element-d82dffe elementor-widget elementor-widget-entox_elementor_custom_taxonomy\" data-id=\"d82dffe\" data-element_type=\"widget\" data-widget_type=\"entox_elementor_custom_taxonomy.default\">\n\t\t\t\t<div class=\"elementor-widget-container\">\n\t\t\t\t\t\t\t<div class=\"ova-custom-taxonomy\">\n\t\t\t<a href=\"https:\/\/najelbikombi.si\/search-map\/?cat=car&#038;brw_type_name=suv\" class=\"taxonomy-item\">\n\t\t\t\t<img decoding=\"async\" src=\"https:\/\/najelbikombi.si\/wp-content\/uploads\/2022\/03\/toyota3.jpeg\" alt=\"\">\n\t\t\t\t\t\t\t\t\t\t\t\t\t<h2 class=\"title\">\n\t\t\t\t\t\tSUV\t\t\t\t\t<\/h2>\n\t\t\t\t\t\t\t<\/a>\n\n\t\t<\/div>\n\t\t\t\t\t\t<\/div>\n\t\t\t\t<\/div>\n\t\t\t\t\t<\/div>\n\t\t<\/div>\n\t\t\t\t\t<\/div>\n\t\t<\/section>\n\t\t<div class=\"elementor-element elementor-element-1e52568 e-flex e-con-boxed e-con e-parent\" data-id=\"1e52568\" data-element_type=\"container\">\n\t\t\t\t\t<div class=\"e-con-inner\">\n\t\t\t\t\t<\/div>\n\t\t\t\t<\/div>\n\t\t\t\t<section class=\"elementor-section elementor-top-section elementor-element elementor-element-963b72c elementor-section-boxed elementor-section-height-default elementor-section-height-default\" data-id=\"963b72c\" data-element_type=\"section\" data-settings=\"{&quot;background_background&quot;:&quot;classic&quot;}\">\n\t\t\t\t\t\t<div class=\"elementor-container elementor-column-gap-default\">\n\t\t\t\t\t<div class=\"elementor-column elementor-col-33 elementor-top-column elementor-element elementor-element-89000e9\" data-id=\"89000e9\" data-element_type=\"column\">\n\t\t\t<div class=\"elementor-widget-wrap elementor-element-populated\">\n\t\t\t\t\t\t<div class=\"elementor-element elementor-element-66b2239 elementor-widget elementor-widget-image\" data-id=\"66b2239\" data-element_type=\"widget\" data-widget_type=\"image.default\">\n\t\t\t\t<div class=\"elementor-widget-container\">\n\t\t\t\t\t\t\t\t\t\t\t\t\t\t\t<img decoding=\"async\" src=\"https:\/\/najelbikombi.si\/wp-content\/uploads\/elementor\/thumbs\/721911-2-quwm4gtvn1hvszoe71clzo4g2ach6kt16kgdaizd40.png\" title=\"721911\" alt=\"721911\" loading=\"lazy\" \/>\t\t\t\t\t\t\t\t\t\t\t\t\t\t\t<\/div>\n\t\t\t\t<\/div>\n\t\t\t\t\t<\/div>\n\t\t<\/div>\n\t\t\t\t<div class=\"elementor-column elementor-col-33 elementor-top-column elementor-element elementor-element-a9c1eef\" data-id=\"a9c1eef\" data-element_type=\"column\">\n\t\t\t<div class=\"elementor-widget-wrap elementor-element-populated\">\n\t\t\t\t\t\t<div class=\"elementor-element elementor-element-c389f3a elementor-widget elementor-widget-heading\" data-id=\"c389f3a\" data-element_type=\"widget\" data-widget_type=\"heading.default\">\n\t\t\t\t<div class=\"elementor-widget-container\">\n\t\t\t\t\t<h2 class=\"elementor-heading-title elementor-size-default\">3800 People Use Entox Services<\/h2>\t\t\t\t<\/div>\n\t\t\t\t<\/div>\n\t\t\t\t<div class=\"elementor-element elementor-element-21cf9e0 elementor-widget elementor-widget-heading\" data-id=\"21cf9e0\" data-element_type=\"widget\" data-widget_type=\"heading.default\">\n\t\t\t\t<div class=\"elementor-widget-container\">\n\t\t\t\t\t<h2 class=\"elementor-heading-title elementor-size-default\">Best &amp; Quality Rental Marketplace<\/h2>\t\t\t\t<\/div>\n\t\t\t\t<\/div>\n\t\t\t\t\t<\/div>\n\t\t<\/div>\n\t\t\t\t<div class=\"elementor-column elementor-col-33 elementor-top-column elementor-element elementor-element-3547665\" data-id=\"3547665\" data-element_type=\"column\">\n\t\t\t<div class=\"elementor-widget-wrap elementor-element-populated\">\n\t\t\t\t\t\t<div class=\"elementor-element elementor-element-25f3213 elementor-align-right elementor-tablet-align-left elementor-widget elementor-widget-button\" data-id=\"25f3213\" data-element_type=\"widget\" data-widget_type=\"button.default\">\n\t\t\t\t<div class=\"elementor-widget-container\">\n\t\t\t\t\t\t\t\t\t<div class=\"elementor-button-wrapper\">\n\t\t\t\t\t<a class=\"elementor-button elementor-button-link elementor-size-sm\" href=\"https:\/\/najelbikombi.si\/search-map\/\">\n\t\t\t\t\t\t<span class=\"elementor-button-content-wrapper\">\n\t\t\t\t\t\t\t\t\t<span class=\"elementor-button-text\">Find Anything<\/span>\n\t\t\t\t\t<\/span>\n\t\t\t\t\t<\/a>\n\t\t\t\t<\/div>\n\t\t\t\t\t\t\t\t<\/div>\n\t\t\t\t<\/div>\n\t\t\t\t\t<\/div>\n\t\t<\/div>\n\t\t\t\t\t<\/div>\n\t\t<\/section>\n\t\t\t\t<\/div>\n\t\t","protected":false},"excerpt":{"rendered":"<p>Najem potni\u0161kega kombija in prevozi za udobno in varno potovanje Za dru\u017einska potovanja, izlete, prevoze skupin in poslovne dogodke. Od 50 \u20ac\/dan. Brez skritih stro\u0161kov. Rezerviraj v 2 minutah! REZERVIRAJ ZDAJ POKLI\u010cI 031 410 823 PI\u0160I NA INFO@NAJELBIKOMBI.SI People Love the Most Featured Rent Cars View All Cars Audi A6 luxury &#038; sport 45.00&euro; \/perday [&hellip;]<\/p>\n","protected":false},"author":1,"featured_media":0,"parent":0,"menu_order":0,"comment_status":"closed","ping_status":"closed","template":"elementor_header_footer","meta":{"footnotes":""},"class_list":["post-82","page","type-page","status-publish","hentry"],"_links":{"self":[{"href":"https:\/\/najelbikombi.si\/index.php?rest_route=\/wp\/v2\/pages\/82","targetHints":{"allow":["GET"]}}],"collection":[{"href":"https:\/\/najelbikombi.si\/index.php?rest_route=\/wp\/v2\/pages"}],"about":[{"href":"https:\/\/najelbikombi.si\/index.php?rest_route=\/wp\/v2\/types\/page"}],"author":[{"embeddable":true,"href":"https:\/\/najelbikombi.si\/index.php?rest_route=\/wp\/v2\/users\/1"}],"replies":[{"embeddable":true,"href":"https:\/\/najelbikombi.si\/index.php?rest_route=%2Fwp%2Fv2%2Fcomments&post=82"}],"version-history":[{"count":61,"href":"https:\/\/najelbikombi.si\/index.php?rest_route=\/wp\/v2\/pages\/82\/revisions"}],"predecessor-version":[{"id":4357,"href":"https:\/\/najelbikombi.si\/index.php?rest_route=\/wp\/v2\/pages\/82\/revisions\/4357"}],"wp:attachment":[{"href":"https:\/\/najelbikombi.si\/index.php?rest_route=%2Fwp%2Fv2%2Fmedia&parent=82"}],"curies":[{"name":"wp","href":"https:\/\/api.w.org\/{rel}","templated":true}]}}